i) = a(i) - 2*l(i). What is the units digit of y(-2)?
5
What is the thousands digit of (311 + -305)/(2/2184)?
6
Suppose 6*z = 303 - 27. Suppose 39*v + 371 = z*v. What is the tens digit of v?
5
Let g = 55 + -51. Suppose 0 = -2*k - g*o + 10, -k + 2 = o - 3. Suppose -3*u - k*z + 372 = -2*z, -2*u = -5*z - 227. What is the units digit of u?
1
Suppose -34*k - 20075 + 78667 + 56124 = 0. What is the units digit of k?
4
Suppose -189 = -24*x + 699. Suppose -x*i + 15387 = -14*i. What is the hundreds digit of i?
6
Suppose -4*l + 1683 = -1717. Suppose -5*p = 3*c - 6 + 544, 5*c = p - l. What is the units digit of 1/(-2 - 345/c)?
7
Let g be (-1)/((5/40)/(-1)). Let l(s) = -s**3 + 8*s**2 + 5*s + 1. Let m be l(g). Suppose 6*d + m = 125. What is the tens digit of d?
1
Let j(x) = -43*x - 98. Let a be j(-12). Suppose 2*l = 3*y - a, 0 = 2*y + 2*l + 2*l - 284. What is the tens digit of y?
4
Suppose -23*l = -2*l - 462. Suppose 0 = -2*y - 3 - 3. What is the units digit of 272/44 - (y - (-70)/l)?
6
What is the hundreds digit of 774/(-72) + (-1 - -12) + 22107/4?
5
Let m(b) = b**3 - 12*b**2 + 18*b + 16. Suppose 0 = 2*z + 11*z - 312. Suppose 0 = t - v - 9, -22 = -4*t - v + z. What is the tens digit of m(t)?
9
Let z(c) = -90*c - 2322. What is the thousands digit of z(-87)?
5
Suppose 21188 + 36653 + 191 = 9*k. What is the thousands digit of k?
6
Let c(a) = -12*a + 36*a - 6074 + 6011. What is the units digit of c(17)?
5
Let w(c) = c**3 - 7*c**2 + 12*c - 5. Let x be w(5). Let u(h) = -5 + 13*h**2 + 16 - 1 + x*h. What is the hundreds digit of u(-3)?
1
What is the units digit of (-46066)/(-5) + 395/(-1975)?
3
Let q be 24/(-42) + 18/7. Let y(f) = -f**3 + 9*f + 6 + 0*f - 1313*f**q + 1303*f**2. What is the tens digit of y(-12)?
8
Let s be 2*2 + -1 - (10 + -11). Suppose 9*a - 401 = 3*q + s*a, 4*a = q + 129. What is the tens digit of (-5 + (q - 2))/(6/(-4))?
9
Let o = 69 + -69. Suppose o = 4*h - 12 - 4. Suppose -7*b + j = -2*b - 588, -h*b + 2*j + 468 = 0. What is the units digit of b?
8
Let h(a) be the second derivative of -a**5/20 + 11*a**4/12 + 19*a**3/6 - 19*a**2/2 + 243*a. What is the units digit of h(9)?
4
Suppose 2*t - 5547 - 8827 = 5*l, 4*l = -t + 7200. What is the units digit of t?
2
Let y = -180 - 154. Let k = -154 - y. What is the tens digit of k?
8
Let p be -3 + 7 - 0/(-1). What is the units digit of 16/(-12)*1*(-1686)/p?
2
Let x be 248*(27/6 - -4). Let b = x - 1475. What is the tens digit of b?
3
Let d be 0/4 - 56/2. Let f = -1017 - -1040. Let p = f - d. What is the tens digit of p?
5
Let q(c) = -417*c - 803. What is the hundreds digit of q(-5)?
2
Suppose -2*f + y + 192 = 3*f, -f + 4*y + 46 = 0. Let r = 44 - f. What is the tens digit of (0 - -3 - -6)*(r + -1)?
4
Let p = -560 - -320. Let j = p - -369. What is the units digit of j?
9
Let p(a) = -6*a**3 + 107*a + 1678. What is the ten thousands digit of p(-15)?
2
Let o(k) be the first derivative of 175*k**4/4 + k**3/3 + 12. Let g be o(1). Let t = -62 + g. What is the tens digit of t?
1
Suppose -40*p + 38751 = -36*p + 5*h, -3*h - 38823 = -4*p. What is the units digit of p?
9
Let d(j) = 372*j - 15. Let s be d(6). Let t = -1405 + s. What is the units digit of t?
2
Suppose 5*d + 4*z - 751 = 561, -4*d = 3*z - 1049. Suppose 0 = 4*a - 800 - d. What is the tens digit of a?
6
Suppose -9*f - 5*w + 13728 = 0, f + 2*w = -w + 1518. What is the units digit of f?
7
What is the thousands digit of 3922 + (-6 - 19/(-19))?
3
Let a(q) = -q + 10. Let s be a(6). Suppose 48 = 3*y - 2*i + 4, 0 = -4*y - 5*i + 28. What is the tens digit of (-968)/(-10) + (y/15)/s?
9
Suppose 4774*k - 7360 = 4770*k. What is the tens digit of k?
4
Suppose -5*y - w + 133706 = 0, 5*w = -21*y + 17*y + 106927. What is the units digit of y?
3
Let k(i) = -20*i**2 - 4. Let n be k(-2). Let f be (20 - 15)*n/10. What is the units digit of -384*4/f - (-3)/7?
7
Suppose 3*u - 3*p = 645, 0*u - 5*p - 427 = -2*u. Suppose g = -39 + u. What is the tens digit of g?
7
Let h = 7794 - -17413. What is the units digit of h?
7
Suppose 8 = -y - 2*y + 4*b, 1 = -y + 3*b. What is the tens digit of y/6 + (-5080)/(-15)?
3
Let t be (-4)/(-22) + (-200)/(-110) + -1602. What is the hundreds digit of (-1 + -38)*t/120?
5
Suppose -2897509 = -22*l - 86*l - 149665. What is the hundreds digit of l?
4
Let d(a) = -5*a**3 - 85*a**2 - 5*a - 139. What is the hundreds digit of d(-25)?
9
Let q(c) = c**2 - 9*c - 12. Let v be ((-24)/(-20))/((-4)/230). Let r = 82 + v. What is the tens digit of q(r)?
4
Let x be (25/10)/(2/4). Suppose -1430 = -x*o + 185. What is the units digit of o?
3
Let c = -5877 - -11010. What is the units digit of c?
3
What is the thousands digit of ((-68)/(-12) + -7)*105444/(-24)?
5
Suppose 45*r - 6200 = 37*r. Let u = r + -158. What is the units digit of u?
7
Let a be 1/(2045/680 + -3) + 2. Let y = a - -9. What is the tens digit of y?
4
Let m = -8132 + 8796. What is the units digit of m?
4
What is the tens digit of (-2090)/50*(-40)/8?
0
Let k = 12 + -61. Let h = 45 + k. What is the tens digit of ((-40)/(-25))/(h/(-80))?
3
Suppose -o = -u - 3*o + 5, -4*o - 4 = 0. Let i be u*10/35 - 2. Suppose 3*z = 5*z - t - 40, -5*z - t + 107 = i. What is the tens digit of z?
2
Suppose -b + 4*v = 22, 3*b = -19*v + 24*v - 38. Let d(r) be the first derivative of -17*r**2/2 - 5*r + 1. What is the tens digit of d(b)?
9
Let d = 41007 - 37639. What is the units digit of d?
8
Suppose 2*d - 6*d + 4*m = 36, -2*m = -d - 10. Let w(g) = -g**3 - 4*g**2 - 14*g - 12. What is the units digit of w(d)?
6
Suppose -4*r - 3549 = -132529. What is the tens digit of r?
4
Let m(z) = z**3 - 5*z**2 + z - 4. Let a be 34/(-51) - ((-34)/6 - 2). What is the hundreds digit of m(a)?
1
Let k(p) = 4*p**3 - 21*p**2 + 124*p + 11. What is the units digit of k(27)?
2
Let b = 0 - -1. Let y be (-3 - (4 + -7))/b. What is the units digit of 3/(3/85) - y?
5
Let l = 15912 + 10884. What is the tens digit of l?
9
Suppose -2 = o - 9. Suppose -2*m - o = -v, 3*v + 0*v - 1 = m. What is the tens digit of m/(-22) - (-4080)/66?
6
Let j(o) = 117*o**2 + 102*o - 969. What is the units digit of j(9)?
6
Let a(d) = 939*d - 2053. What is the tens digit of a(95)?
5
Let m = -26 + -15. Let n = 43 + m. What is the units digit of (3 - n)/2*54?
7
Let w = 28 + -37. What is the units digit of 3/(w/(-30)) - (-18 + 14)?
4
Let h(g) = -2*g - 1. Let y be h(0). Let i be (8/4)/(2/(-3)*y). Suppose -i*q + 103 = 7. What is the units digit of q?
2
Suppose -6*w + 29 = 17. Suppose -5*h + 3*y - 7*y + 16 = 0, 2*y + w = 0. What is the tens digit of (1 - 2)/(5/(h + -469))?
9
Let l be 2 - (0 - 0) - -2. Suppose -l*y + 3*y - 2*g - 16 = 0, 5*g - 5 = 5*y. What is the tens digit of ((-8)/y)/(6/495)?
1
What is the tens digit of (11900/1666)/(2/4298)?
5
Suppose -2*q = -5*m + 6362, 4*m - 2*q = q + 5098. What is the units digit of m?
0
Let z be (521 + -9 + 10)*12/9. Let u = -196 + z. What is the hundreds digit of u?
5
Suppose 9*x - 5716 = -4*r + 13*x, r - 4*x = 1420. What is the units digit of r?
2
Suppose a = 3*x + 22498, -a - 5*x + 0*x + 22530 = 0. What is the hundreds digit of a?
5
Let q(a) = -2*a**3 + 12*a**2 + 15*a + 9. Let t be q(7). What is the units digit of (5/(-4))/(t/(-5056))?
5
Suppose 275240 = 5*i + 32*i - 2*i. What is the thousands digit of i?
7
Let j(s) = s**3 - 6*s**2 + 3*s. Let x be j(2). Let b = 399 + -229. Let n = b + x. What is the hundreds digit of n?
1
What is the tens digit of (-4)/(-42) + 27499250/2625?
7
Suppose 0 = 118*w - 133*w + 675. Let m be 4/(-6) + 66/18. Suppose -z = -m*o - 3*z + w, 5*o - 100 = 5*z. What is the tens digit of o?
1
Let z(f) = 491*f - 246. What is the hundreds digit of z(21)?
0
Let d = -11 - -36. Let g(v) = 4 - d - 16*v - 2 + 7*v. What is the units digit of g(-10)?
7
Let y be 0 - (2 + -5) - 0. Suppose -5*k = -y*n + 451, -4*k + 263 = 3*n - 143. What is the hundreds digit of n?
1
Suppose -7*t + 12*t - 4*o - 4045 = 0, 0 = -4*t - 2*o + 3210. Let g = -483 + t. What is the tens digit of g?
2
Let d = 3 + 7. Suppose -d*g = -17*g + 1092. What is the units digit of g?
6
Let z(u) = 5*u + 62. Suppose -2*r = 3*r - 3*q + 773, 3*q - 619 = 4*r. Let m be (r/(-10) - 1) + 8/(-20). What is the units digit of z(m)?
2
Let x be (-2)/(-1) - (-72 + 6). Let m = 239 - x. Let n = m + -83. What is the tens digit of n?
8
Let y(f) = 25*f - 27. Let b be y(6). Let c = -109 + b. Suppose -c*v +